u**3 - 3*u**2 + u - 4. Give b(-4).
8
Let i(m) = -3*m**3 + 5*m - 2. What is i(3)?
-68
Let k(p) = -p**3 - 4*p**2 + 7. Give k(-4).
7
Let r(k) = -k**2 - 4. Determine r(-2).
-8
Let t(k) = -14*k + 34. Determine t(3).
-8
Let i(r) = 2*r + 6. Calculate i(-7).
-8
Let h(i) = i**2 - 11*i + 11. Determine h(9).
-7
Let l(a) = a - 35. What is l(29)?
-6
Let k(q) = q**3 - 9*q**2 + 5*q - 4. Calculate k(6).
-82
Let u(h) = 7*h. What is u(3)?
21
Let q(t) = -2*t - 1. Determine q(-16).
31
Let g(s) = -s**3 - 8*s**2 - 6*s + 20. Determine g(-9).
155
Let o(a) = 38*a - 1. Give o(1).
37
Let s(q) = q - 27. Give s(19).
-8
Let a(w) = -7*w - 82. What is a(-6)?
-40
Let x(h) = -7*h + 18. What is x(7)?
-31
Let m(u) = 12*u - 17. What is m(1)?
-5
Let i(t) = t**2 + 20*t + 25. Determine i(-18).
-11
Let y(q) = q**3 - 6*q**2 - 16*q + 5. Give y(8).
5
Let r(x) = 2*x**2 + 23*x + 2. Calculate r(-10).
-28
Let r(k) = k**3 + 3*k**2 + 12*k + 10. What is r(-4)?
-54
Let z(g) = -2*g - 9. What is z(7)?
-23
Let h(l) = -l**2 + 4*l + 25. Calculate h(-3).
4
Let y(u) = u**3 - 2*u**2 + 6*u - 19. Give y(3).
8
Let w(f) = f**2 + 5*f - 1. What is w(-6)?
5
Let s(n) = n**3 - 6*n**2 - 4*n + 9. Determine s(7).
30
Let v(w) = -w**2 + 9*w - 25. Determine v(8).
-17
Let n(b) = 3*b - 15. Calculate n(10).
15
Let w(z) = -2*z + 36. What is w(14)?
8
Let b(s) = s**3 + 5*s**2 + 7*s + 10. Calculate b(-4).
-2
Let f(q) = -q**3 - 5*q**2 + 2*q + 25. Give f(-4).
1
Let w(h) = h**3 + 15*h**2 - 32*h + 30. Determine w(-17).
-4
Let v(o) = 2*o + 82. Give v(-23).
36
Let d(a) = -a**3 + 6*a**2 - 5. Calculate d(6).
-5
Let y(k) = -56*k + 62. Calculate y(1).
6
Let a(k) = -k**2 - 48*k - 3. Determine a(0).
-3
Let t(a) = -2*a**2 + 26*a - 9. Give t(12).
15
Let u(s) = -s**3 + 20*s**2 + 18*s + 6. Give u(21).
-57
Let x(p) = p**3 + 24*p**2 + 128*p - 3. Determine x(-16).
-3
Let s(x) = 3*x**2 + 44*x - 10. What is s(-15)?
5
Let r(d) = -d**3 + 21*d**2 - 18*d - 34. Give r(20).
6
Let p(s) = 7*s**3 + s**2 + 5*s + 6. Determine p(-1).
-5
Let f(w) = w - 25. Give f(4).
-21
Let w(f) = -3*f**2 + 2*f + 69. Give w(5).
4
Let o(q) = -q**2 + 8*q + 153. Determine o(17).
0
Let n(f) = f - 5. What is n(-5)?
-10
Let t(s) = -s**3 + 14*s**2 + s - 26. Calculate t(14).
-12
Let i(s) = -2*s - 3. Determine i(1).
-5
Let l(d) = -14*d - 142. What is l(-11)?
12
Let r(o) = 3*o**2 + 60*o + 58. Determine r(-19).
1
Let z(a) = -41*a - 41. Calculate z(-1).
0
Let w(n) = -n**3 + 7*n**2 - n + 10. Determine w(7).
3
Let k(t) = -t**3 + 4*t**2 - 10*t + 19. What is k(3)?
-2
Let l(a) = a**3 - 12*a**2 + 11*a + 35. What is l(11)?
35
Let q(m) = m**3 - m**2 - m - 7. What is q(0)?
-7
Let l(j) = -j**2 - 7*j + 5. What is l(4)?
-39
Let b(t) = 3*t + 67. What is b(-9)?
40
Let m(u) = -u**2 - u + 12. Calculate m(-12).
-120
Let d(o) = o**3 + 14*o**2 + 2*o + 21. Give d(-14).
-7
Let a(m) = -4*m**3 - 3*m - 2. Give a(-1).
5
Let k(h) = -h - 37. Give k(-11).
-26
Let i(y) = 4*y + 27. Calculate i(-5).
7
Let k(a) = 2*a - 11. What is k(-5)?
-21
Let k(b) = b**3 + 2*b**2 - 6*b - 1. Give k(0).
-1
Let q(l) = -l**3 - 8*l**2 + 11*l + 6. Give q(-9).
-12
Let t(b) = -b**2 - 2*b + 6. Calculate t(-3).
3
Let j(f) = 139*f - 835. Calculate j(6).
-1
Let r(z) = -z**3 - 11*z**2 + 21*z - 40. Determine r(-13).
25
Let i(c) = 14*c - 2. Determine i(3).
40
Let a(v) = 10*v**2 - 10*v + 11. Determine a(1).
11
Let u(g) = -g**2 - 22*g + 17. Determine u(-23).
-6
Let o(b) = -b**2 + 8. Calculate o(-5).
-17
Let k(f) = -18*f + 5. Calculate k(3).
-49
Let i(p) = -p**3 - 8*p**2 - 4*p + 1. Give i(-7).
-20
Let r(t) = t**2 - 8*t - 48. Give r(10).
-28
Let t(f) = -f**3 + 6*f**2 + 4*f - 3. Determine t(7).
-24
Let k(p) = p**2 + 8*p + 10. Calculate k(-7).
3
Let k(z) = 6*z - 53. Determine k(10).
7
Let f(z) = -3*z**3 - 15*z**2 - 2*z - 11. What is f(-5)?
-1
Let m(s) = -5*s - 5. Give m(0).
-5
Let s(l) = -l**3 - 14*l**2 - 2*l - 34. Calculate s(-14).
-6
Let x(v) = -v**3 - 2*v**2 + 6*v - 1. Determine x(4).
-73
Let x(d) = 5*d - 21. Determine x(9).
24
Let p(k) = k**2 + 5*k + 18. Calculate p(-3).
12
Let b(k) = 8*k. What is b(2)?
16
Let c(x) = -14*x + 49. Calculate c(3).
7
Let n(r) = -r**2 + 22*r - 12. Calculate n(16).
84
Let z(l) = -l**2 - 11*l - 12. Give z(-4).
16
Let p(c) = -2*c**3 - 3*c**2 - c - 2. What is p(-3)?
28
Let y(t) = -t**3 - 41*t**2 - 418*t + 6. What is y(-19)?
6
Let g(f) = f**2 - 4*f + 2. Calculate g(5).
7
Let b(k) = -42*k - 43. Determine b(-1).
-1
Let x(d) = -4*d - 77. Give x(0).
-77
Let g(i) = i**3 - 5*i**2 - 3*i - 4. Determine g(5).
-19
Let a(j) = -8*j - 6. What is a(-6)?
42
Let y(r) = r**3 + 4*r**2 - 8*r - 5. Calculate y(-5).
10
Let b(c) = -16*c + 161. Calculate b(10).
1
Let i(s) = s**2 + 13*s - 3. Calculate i(-14).
11
Let d(x) = x**3 - 32*x**2 - 32*x - 68. Determine d(33).
-35
Let s(c) = -3*c**3 - 13*c**2 - 13*c - 4. What is s(-3)?
-1
Let m(s) = 5*s**2 + 3*s - 4. What is m(2)?
22
Let r(n) = -11*n**2. Determine r(1).
-11
Let a(z) = -z**3 - 23*z**2 + 7. Determine a(-23).
7
Let x(r) = 31*r + 19. Calculate x(-1).
-12
Let l(o) = -2*o**2 + 19*o + 57. What is l(12)?
-3
Let j(l) = -l**3 - 12*l**2 + 11*l. Give j(-13).
26
Let b(a) = -88*a + 882. What is b(10)?
2
Let y(s) = -s**2 + 9*s + 7. What is y(10)?
-3
Let c(q) = -2*q**3 + 11*q**2 + 4*q + 1. Calculate c(6).
-11
Let q(u) = -2*u**3 + 12*u**2 + 14*u + 4. Calculate q(7).
4
Let k(h) = 5*h**2. Determine k(1).
5
Let z(b) = -b**3 + 12*b**2 - 20*b + 9. Give z(10).
9
Let r(t) = 6*t - 70. Give r(12).
2
Let x(q) = 6*q - 22. Give x(-5).
-52
Let q(l) = l**3 - 16*l**2 - 20*l + 48. Give q(17).
-3
Let w(l) = l - 8. Calculate w(9).
1
Let z(b) = -b**3 - 17*b**2 + 31. What is z(-17)?
31
Let t(r) = 337*r + 2360. Determine t(-7).
1
Let n(b) = -b**2 + 8*b + 2. What is n(7)?
9
Let m(v) = -v**2 + v + 15. Determine m(-7).
-41
Let h(o) = -o**3 + 6*o**2 - 7*o + 7. What is h(5)?
-3
Let k(c) = c**3 + c**2 + 2. Calculate k(-2).
-2
Let w(h) = h**2 - 30*h + 180. Calculate w(8).
4
Let d(z) = -6*z - 1. Give d(-6).
35
Let q(j) = 214*j + 645. Give q(-3).
3
Let u(r) = 2*r**2 - 32*r + 27. Calculate u(12).
-69
Let k(r) = 2*r**3 + 11*r**2 + 7*r + 4. Calculate k(-5).
-6
Let d(y) = y**3 - 7*y**2 + y - 4. Give d(7).
3
Let f(n) = -n**2 + 3*n - 1. Determine f(-6).
-55
Let l(w) = 22*w - 30. Determine l(1).
-8
Let f(d) = -d**2 + d + 11. Give f(-4).
-9
Let j(o) = -o**3 + 3*o**2 - 6*o + 6. Determine j(4).
-34
Let i(c) = 2*c - 23. Calculate i(10).
-3
Let j(u) = -u**3 - 13*u**2 - 10*u + 10. What is j(-12)?
-14
Let f(a) = 5*a**2 + 27*a + 6. Calculate f(-4).
-22
Let l(s) = 2*s**2 + 13*s + 7. Determine l(-6).
1
Let i(s) = 17*s**3 - 2*s**2 - s - 8. Give i(0).
-8
Let a(d) = 2*d + 4. What is a(-6)?
-8
Let g(c) = 255*c - 2038. Determine g(8).
2
Let c(h) = 65*h**3. Give c(1).
65
Let u(o) = -o**3 + 6*o**2 + o - 7. Calculate u(6).
-1
Let i(d) = 13*d**2 - d + 2. What is i(1)?
14
Let c(m) = -m**2 + 7*m + 85. What is c(-7)?
-13
Let w(x) = -9*x - 12. Determine w(-2).
6
Let f(z) = -2*z**2 + 7*z - 2. Determine f(4).
-6
Let k(u) = -u**3 + u**2. Determine k(2).
-4
Let q(c) = -52*c - 3. Give q(2).
-107
Let v(d) = -13*d + 138. What is v(10)?
8
Let k(f) = f**2 - 2*f - 40. Calculate k(7).
-5
Let n(d) = -3*d + 10. Give n(5).
-5
Let k(l) = 104*l + 626. Calculate k(-6).
2
Let o(f) = -f**2 - 21*f - 104. Determine o(-11).
6
Let v(a) = -51*a. Calculate v(-1).
51
Let f(i) = -i**3 + 9*i**2 - 23*i - 9. What is f(4)?
-21
Let m(f) = f**2 - 6*f + 63. Determine m(12).
135
Let r(z) = -2*z - 7. Calculate r(-4).
1
Let f(p) = 2*p + 29. Determine f(-10).
9
Let y(i) = 6*i + 14. What is y(-10)?
-46
Let x(g) = -g**3 + 7*g**2 - 5*g - 2. What is x(5)?
23
Let x(z) = -z**2 - 2*z + 14. Calculate x(0).
14
Let f(h) = -22*h + 69. What is f(3)?
3
Let h(c) = c**3 + 3*c**2 - 12*c - 14. Determine h(-5).
-4
Let s(x) = -x**2 + 14*x - 15. Determine s(13).
-2
Let a(r) = r**2 + 14*r - 48. Calculate a(-16).
-16
Let l(d) = -3*d + 4. Determine l(3).
-5
Let o(z) = -2*z - 5. Calculate o(-4).
3
Let q(d) = 130*d**3 - 2*d**2 - 2*d + 2. Give q(1).
128
Let k(r) = 43*r - 83. What is k(2)?
3
Let i(b) = -b**3 + 5*b**2 + 1. Determine i(5).
1
Let z(y) = -2*y**2 + 9*y - 2. Determine z(5).
-7
Let x(h) = 5*h + 25. Calculate x(-9).
-20
Let z(l) = l**3 - 4*l**2 - l - 4. What is z(4)?
-8
Let x(a) = -a + 11. Calculate x(-8).
19
Let k(v) = -35*v - 45. Determine k(-6).
165
Let g(x) = 3*x**2 + 57*x - 65. Determine g(-20).
-5
Let r(a) = a